{"id":143,"date":"2024-02-04T02:18:21","date_gmt":"2024-02-03T23:18:21","guid":{"rendered":"https:\/\/arikovani.duckdns.org\/?page_id=143"},"modified":"2024-02-04T02:18:21","modified_gmt":"2024-02-03T23:18:21","slug":"projelerim","status":"publish","type":"page","link":"https:\/\/arikovani.duckdns.org\/?page_id=143","title":{"rendered":"PROJELER\u0130M"},"content":{"rendered":"\n<ul><\/ul>\n\n\n\n<div data-wp-interactive=\"\" class=\"wp-block-file\"><object data-wp-bind--hidden=\"!selectors.core.file.hasPdfPreview\" hidden class=\"wp-block-file__embed\" data=\"https:\/\/arikovani.duckdns.org\/wp-content\/uploads\/2024\/02\/G132-1558015170039.pdf\" type=\"application\/pdf\" style=\"width:100%;height:600px\" aria-label=\"G132-1558015170039 g\u00f6m\u00fcs\u00fc.\"><\/object><a id=\"wp-block-file--media-00082d63-3d23-4ddb-9808-0705e89c4d72\" href=\"https:\/\/arikovani.duckdns.org\/wp-content\/uploads\/2024\/02\/G132-1558015170039.pdf\">G132-1558015170039<\/a><a href=\"https:\/\/arikovani.duckdns.org\/wp-content\/uploads\/2024\/02\/G132-1558015170039.pdf\" class=\"wp-block-file__button wp-element-button\" download aria-describedby=\"wp-block-file--media-00082d63-3d23-4ddb-9808-0705e89c4d72\">\u0130ndir<\/a><\/div>\n","protected":false},"excerpt":{"rendered":"","protected":false},"author":1,"featured_media":0,"parent":0,"menu_order":0,"comment_status":"closed","ping_status":"closed","template":"","meta":{"neve_meta_sidebar":"","neve_meta_container":"","neve_meta_enable_content_width":"","neve_meta_content_width":0,"neve_meta_title_alignment":"","neve_meta_author_avatar":"","neve_post_elements_order":"","neve_meta_disable_header":"","neve_meta_disable_footer":"","neve_meta_disable_title":"","footnotes":""},"_links":{"self":[{"href":"https:\/\/arikovani.duckdns.org\/index.php?rest_route=\/wp\/v2\/pages\/143"}],"collection":[{"href":"https:\/\/arikovani.duckdns.org\/index.php?rest_route=\/wp\/v2\/pages"}],"about":[{"href":"https:\/\/arikovani.duckdns.org\/index.php?rest_route=\/wp\/v2\/types\/page"}],"author":[{"embeddable":true,"href":"https:\/\/arikovani.duckdns.org\/index.php?rest_route=\/wp\/v2\/users\/1"}],"replies":[{"embeddable":true,"href":"https:\/\/arikovani.duckdns.org\/index.php?rest_route=%2Fwp%2Fv2%2Fcomments&post=143"}],"version-history":[{"count":1,"href":"https:\/\/arikovani.duckdns.org\/index.php?rest_route=\/wp\/v2\/pages\/143\/revisions"}],"predecessor-version":[{"id":146,"href":"https:\/\/arikovani.duckdns.org\/index.php?rest_route=\/wp\/v2\/pages\/143\/revisions\/146"}],"wp:attachment":[{"href":"https:\/\/arikovani.duckdns.org\/index.php?rest_route=%2Fwp%2Fv2%2Fmedia&parent=143"}],"curies":[{"name":"wp","href":"https:\/\/api.w.org\/{rel}","templated":true}]}}